k be (-198 + 0)/2 - 3/(-1). Let b = -94 - k. What is the highest common divisor of b and 6?
2
Suppose -4*b + 2*b = x - 76, 148 = 4*b + x. Suppose 4*p + 4*y - 2*y - 20 = 0, -y = -p + 2. Suppose 3*v - 8 = p. What is the highest common factor of b and v?
4
Suppose 9*c - 109 = 431. What is the highest common factor of 21 and c?
3
Suppose 16*z - 504 = 13*z. What is the greatest common factor of 14 and z?
14
Suppose -6*o + o + 30 = 0. Suppose 5*u + 2*c = 80, 30 = -4*u - 3*c + 87. What is the highest common divisor of u and o?
6
Suppose -9180 = -141*z + 132*z. Calculate the highest common factor of z and 68.
68
Let b be (4*2/10)/(10/(-50)). Let a be -3 + (-4 + -55)/(2/b). Calculate the greatest common divisor of a and 46.
23
Suppose -3*c + 3517 = 700. Suppose -3*n + c = -1356. Suppose n = 5*g - 555. Calculate the highest common divisor of g and 24.
24
Let k = 2 + 1. Suppose 5*l - 114 = -3*u, 2*u - 6 + 34 = l. What is the greatest common divisor of k and l?
3
Let m = -21 + 27. Let u(d) be the second derivative of d**4/12 - 5*d**3/6 + 9*d**2/2 - 2*d. Let l be u(m). Calculate the highest common factor of l and 15.
15
Let w = 1199 + -1111. Calculate the greatest common divisor of 473 and w.
11
Let q(w) = 35*w**2 + 2*w - 1. Let u be q(3). Suppose 2*s = -2*s + u. What is the greatest common factor of 10 and s?
10
Let p be (30/(-18))/((-3)/405). Suppose 0 = 4*a - p + 69. Suppose -z - 51 = -4*m, a = 5*m + 5*z - 6. Calculate the highest common factor of 96 and m.
12
Let o = 572 + 252. Calculate the greatest common divisor of o and 309.
103
Let o(j) = -5*j - 1. Let r be o(-2). Suppose 3*i = -4*n + 1, -n - 10 = 4*n. Let y be (-316)/(-5) - i/15. Calculate the highest common factor of y and r.
9
Let l = 36 + -35. Let d be (l + -2 + 2)*29. What is the highest common divisor of d and 232?
29
Let n(x) be the first derivative of 3*x**2 + 5*x + 9. Let w be n(5). What is the greatest common divisor of w and 5?
5
Let i(l) = 3*l**3 - 5*l**2 - 12*l + 20. Let u be i(4). Calculate the highest common divisor of 12 and u.
12
Suppose -2*a - 6 = 0, 3*q + 5*a = 122 + 58. Let j = 13 + 0. Calculate the greatest common divisor of j and q.
13
Suppose -2*c + 7*c - 25 = 0, -2*i + 3*c = -605. Calculate the greatest common divisor of 62 and i.
62
Let p = -37 + 58. Let o be (4 + 20/(-3))/((-64)/336). What is the highest common divisor of p and o?
7
Let a be ((-3 + 5)*1)/(2/15). What is the highest common factor of a and 3?
3
Let g = -24 - -52. Suppose 9*f = 7*f + g. Let h(i) = -i**3 - 13*i**2 - 8*i - 48. Let b be h(-13). What is the highest common factor of b and f?
14
Let q = 125 - -45. Let p be q/8 + (-8)/32. What is the highest common divisor of 3 and p?
3
Suppose -164 = t - 469. What is the highest common divisor of 5 and t?
5
Let i(b) = 2*b**2 - 38*b - 307. Let k be i(32). Calculate the highest common divisor of 42 and k.
21
Suppose -3*b = -15, 10*f - 2*b = 5*f + 215. Let w = f + -18. Calculate the highest common divisor of 18 and w.
9
Suppose d + u - 58 = 0, 2*d - 18 - 104 = 4*u. What is the highest common divisor of d and 2419?
59
Let w = 49 - 44. Suppose l - 4*c + 5 = 1, w*c - 14 = -l. What is the greatest common factor of l and 4?
4
Let c be 5*(-3)/(-12)*4. Let z(i) = i**3 - 5*i**2 + 8*i - 4. Let q be z(c). Calculate the greatest common factor of 36 and q.
36
Let u = -106 + 141. Suppose -37*g = -u*g - 44. Calculate the highest common divisor of 176 and g.
22
Let z be ((-1)/(-3))/(4/48). Suppose -4 = -k, z*k + 9 + 15 = c. Suppose i + 221 - 241 = 0. Calculate the greatest common divisor of c and i.
20
Let i(a) = a**3 - 6*a**2 - a + 8. Let p be i(6). Let f be 21/9*(-2 + 8). Let n be ((-21)/f)/((-1)/p). What is the highest common divisor of n and 3?
3
Let v be (-1 - -19)*-1 - 2/(-1). Let c = v + 24. What is the greatest common factor of 8 and c?
8
Let g be 3/(-12) - 860/16. Let s = g + 70. Calculate the greatest common divisor of s and 48.
16
Let p be 2/(4/(-170) + 0). Let b be (-1)/(171/p + 2). Suppose 5*j + 3*k = 666, -2*j + 3*k = -194 - b. Calculate the highest common factor of 15 and j.
15
Let h(t) = -t + 23. Let q be h(15). Let v be 126*4*2/q. Let d be (-21)/(-4)*(-8)/(-3). What is the greatest common factor of d and v?
14
Let u(g) = g**2 - 3*g + 5. Let m = -34 - -38. Let j be u(m). Let a = 7 + 38. What is the greatest common divisor of a and j?
9
Suppose 4*u = 2*l - 84, -2*l + 6*u = 3*u - 84. What is the greatest common divisor of l and 14?
14
Let l be (-2)/(-2) + 5 + -1. Suppose -3*u + 2*f + 52 = 0, l*f + 71 = 4*u + 4*f. Suppose g + g = u. What is the greatest common factor of 1 and g?
1
Suppose 176*v - 177*v + 972 = 0. What is the greatest common factor of v and 72?
36
Let o = -212 - -324. Calculate the highest common divisor of o and 28.
28
Suppose 2*a = j + 201, 3*j = 5*a - 478 - 25. What is the greatest common factor of a and 40?
20
Let m(b) = -2*b - 20. Let j be m(-24). What is the highest common divisor of j and 126?
14
Let g be 19/((-95)/(-390)) + 0/2. What is the greatest common divisor of g and 117?
39
Suppose 28*o - 141 - 2033 = -326. Suppose -n + 0*d + 49 = -4*d, -d = n - 29. Calculate the highest common factor of n and o.
33
Suppose 5*i - 268 = 3*f - 100, 8 = 2*f. Let v = 52 - -32. What is the greatest common factor of v and i?
12
Suppose -19*i + 20 = -14*i. What is the greatest common divisor of 16 and i?
4
Suppose 2*n - 3*n = -3*h - 254, 0 = 2*n + h - 536. What is the highest common factor of n and 114?
38
Suppose -2*j - 4*o = -j - 16, 5*o = -3*j + 20. Suppose j = -2*c - 4, -9*c = 5*h - 4*c - 390. Calculate the highest common factor of h and 16.
16
Suppose 59*o + 40 = 64*o. Calculate the greatest common divisor of 44 and o.
4
Let o = -479 - -1182. What is the greatest common factor of 19 and o?
19
Let b(q) = 74*q - 293. Let s be b(16). Calculate the greatest common divisor of s and 99.
99
Let n(x) = 23*x**3 + x**2 + 2*x + 1. Let z be n(2). Let j = 333 - z. What is the highest common divisor of j and 35?
35
Suppose 13*z = 8*z + 290. Let t = -55 + z. What is the highest common divisor of 15 and t?
3
Suppose 2*m = -t + 28 + 77, 5*m + 3*t - 263 = 0. Calculate the greatest common divisor of m and 234.
26
Let o = 15 + -13. Suppose o*z + 3*k = -2*z + 35, -z - 5 = -2*k. Suppose p - 5*v - 31 = -0, z*p = 5*v + 55. Calculate the greatest common factor of p and 15.
3
Let k be (-6)/(-15) + (-3)/(45/201). Let b(q) = -5*q - 4. Let f be b(4). Let s = k - f. Calculate the greatest common factor of s and 22.
11
Suppose 5*g = -4*b + 244, -3*g + 8*g + 5*b - 240 = 0. Calculate the highest common divisor of 52 and g.
52
Let c be (-8)/(-4 + 0) + 31. Suppose 84*f - 77*f = 2079. What is the greatest common factor of f and c?
33
Let t(p) = 5*p + 3. Let w be t(3). Let g(u) = -161*u - 20 - u**2 - 155*u + 336*u. Let f be g(w). What is the greatest common divisor of f and 112?
16
Suppose b - 5*a + 23 - 59 = 0, -108 = -3*b + 2*a. Calculate the highest common factor of 408 and b.
12
Suppose u = -3*u + 336. Let f = 40 - 26. Let o = f - 2. Calculate the highest common factor of o and u.
12
Let n(o) = o + 4. Let a be n(-3). Let t be (-8)/(-12)*-1 - (-56)/3. Let r be (t - a)/(2 + -1). What is the highest common factor of 187 and r?
17
Suppose 103 = 2*p + t - 8, 5*p = 4*t + 258. Calculate the greatest common divisor of p and 48.
6
Let r be 13/(78/24) + 208. What is the highest common factor of r and 53?
53
Suppose w = -126 - 11. Let x = w + 144. Calculate the highest common factor of x and 7.
7
Suppose -105 = 5*u - 2*q, u + 2*q + 32 - 11 = 0. Let f = -15 - u. Calculate the highest common divisor of 9 and f.
3
Suppose -180 = -9*a + 3*a. Calculate the greatest common divisor of 105 and a.
15
Let g = -26 - -30. Suppose -g*r = -330 + 122. Calculate the highest common factor of 78 and r.
26
Let j be ((-12)/(-15))/(53/(-55) + 1). Let b = 23 + j. Suppose z = -2*z + 54. What is the highest common divisor of b and z?
9
Suppose -16 + 8 = -2*x. Let y be (-4)/8 + 14/x. Let k = -5 + 11. What is the highest common factor of y and k?
3
Let o = 225 + -120. Suppose o*r - 101*r = 12. Calculate the highest common factor of 30 and r.
3
Let v = 15 + -4. Calculate the greatest common factor of v and 2.
1
Let u be (9246/268)/((-1)/(-74)). What is the greatest common divisor of u and 111?
111
Let z(c) = -c**3 + 14*c*